-3210?
10233
In base 5, what is -4 - 2241?
-2300
In base 16, what is 141 - -1?
142
In base 10, what is -59 + 8?
-51
In base 10, what is -784 - 3?
-787
In base 6, what is -2 + -2?
-4
In base 6, what is -4 + -1142?
-1150
In base 8, what is -54 + 7?
-45
In base 14, what is 9 + 4d5?
500
In base 12, what is 1 + 2bb?
300
In base 16, what is 4 - 357?
-353
In base 14, what is -1 + 10a?
109
In base 15, what is -3 + -90?
-93
In base 7, what is 1225 + 3?
1231
In base 13, what is -878 + -5?
-880
In base 2, what is 10011010111 - -100?
10011011011
In base 5, what is 4 - 203?
-144
In base 2, what is 11 - -11101101011?
11101101110
In base 4, what is 10 - -113330?
120000
In base 2, what is 100110 + -1001?
11101
In base 6, what is 213031 - -2?
213033
In base 4, what is -202330 - 10?
-203000
In base 9, what is 1 + -140?
-138
In base 7, what is 5 + -106?
-101
In base 16, what is -306f - -4?
-306b
In base 8, what is -3 + -271?
-274
In base 9, what is 5 - -68?
74
In base 11, what is -9 + 6?
-3
In base 11, what is -a + -232?
-241
In base 2, what is 0 - 10010101?
-10010101
In base 13, what is 231 - 2?
22c
In base 5, what is 12233 - 1?
12232
In base 15, what is -1 - 276?
-277
In base 15, what is 4a + 90?
da
In base 16, what is 4 + 83?
87
In base 13, what is 8074 + 1?
8075
In base 8, what is -5 - 126?
-133
In base 5, what is -2 - -1103?
1101
In base 6, what is -1132 + 2?
-1130
In base 5, what is -12430 + 2?
-12423
In base 2, what is 1 - -111110?
111111
In base 9, what is 26 + -6?
20
In base 5, what is 42 - 443?
-401
In base 16, what is -1 + -48?
-49
In base 13, what is -b0 - -2?
-ab
In base 5, what is -422100 + 10?
-422040
In base 15, what is -13 - -2?
-11
In base 8, what is -2 + 1145?
1143
In base 6, what is -22 - -101?
35
In base 4, what is -101 + 2?
-33
In base 11, what is 296 - -1?
297
In base 8, what is -162 + 1?
-161
In base 4, what is 1202 + -33?
1103
In base 11, what is -19 + 11?
-8
In base 10, what is 8 + -1806?
-1798
In base 5, what is -1102 - 3?
-1110
In base 10, what is -786 - -9?
-777
In base 2, what is 0 + 1100010100?
1100010100
In base 5, what is 3224 - 11?
3213
In base 6, what is 40455 + 4?
40503
In base 10, what is -7387 - -2?
-7385
In base 8, what is 16 + 573?
611
In base 15, what is 5 + -24e?
-249
In base 2, what is -110 - -100011?
11101
In base 2, what is -11 + -10011101101?
-10011110000
In base 15, what is 6 + 66?
6c
In base 10, what is -46 + -19?
-65
In base 6, what is 3 - -21155?
21202
In base 15, what is -5 + d?
8
In base 14, what is 16 + 182?
198
In base 4, what is -330 + -1020?
-2010
In base 10, what is 71 + -2?
69
In base 9, what is -17608 + 0?
-17608
In base 11, what is -1 + 25?
24
In base 7, what is 2 + 24?
26
In base 10, what is -4 - 42?
-46
In base 15, what is 67 + 7?
6e
In base 5, what is -113 + -101?
-214
In base 16, what is 3 - -6c?
6f
In base 7, what is 340 + -11?
326
In base 16, what is -3 - -11?
e
In base 8, what is 12 + -25?
-13
In base 6, what is -124 + -2?
-130
In base 6, what is -203123 - -2?
-203121
In base 10, what is 188 - -2?
190
In base 9, what is -2 + -20?
-22
In base 11, what is -17 - -1?
-16
In base 3, what is 22 + -102?
-10
In base 5, what is -3 - -141?
133
In base 13, what is 14962 + 3?
14965
In base 14, what is 0 - -43d?
43d
In base 10, what is -81 - 190?
-271
In base 14, what is -3 + 14?
11
In base 12, what is 1 - 39?
-38
In base 10, what is 4 + -4?
0
In base 12, what is -6 - -4?
-2
In base 14, what is -3 + 67?
64
In base 7, what is -4 - -1620?
1613
In base 8, what is -4 + -2162?
-2166
In base 10, what is 9514 - 4?
9510
In base 3, what is 101112 + 1221?
110110
In base 15, what is -305 + -5?
-30a
In base 13, what is 29 - -5?
31
In base 11, what is 18a5 + -4?
18a1
In base 11, what is -3110 - -2?
-3109
In base 9, what is -1 - -50?
48
In base 16, what is -a + 3?
-7
In base 10, what is -43 + 1?
-42
In base 7, what is 235 - 0?
235
In base 10, what is 12 - -20?
32
In base 11, what is 3 + -366?
-363
In base 11, what is 5 - -35?
3a
In base 10, what is -88 - -131?
43
In base 7, what is -41 - 5?
-46
In base 10, what is -684 + -1?
-685
In base 7, what is -266 + -115?
-414
In base 5, what is -12403 - 12?
-12420
In base 13, what is 1 - 196?
-195
In base 8, what is 1 - 516?
-515
In base 2, what is 101 - 0?
101
In base 15, what is -72 - 1?
-73
In base 7, what is 2 + 12522?
12524
In base 8, what is 3 + 10?
13
In base 3, what is -21011 + 1?
-21010
In base 6, what is 104302 - -5?
104311
In base 3, what is -1 + 2020?
2012
In base 2, what is 101 - -1001011110?
1001100011
In base 14, what is 189 + 24?
1ad
In base 13, what is 2c69 + 2?
2c6b
In base 3, what is -1 + -1011100?
-1011101
In base 5, what is -1 + 1244?
1243
In base 16, what is -1d1 - -1?
-1d0
In base 16, what is -1 + -8?
-9
In base 5, what is -301 + -1142?
-1443
In base 7, what is -1242 - 3?
-1245
In base 2, what is -1 - -1011111000?
1011110111
In base 16, what is -2f - 0?
-2f
In base 15, what is 1736 - 5?
1731
In base 11, what is -1 - 5a?
-60
In base 7, what is 32656 + -1?
32655
In base 15, what is 79 - a?
6e
In base 7, what is 4 - -1522?
1526
In base 15, what is -8 - 2d?
-36
In base 10, what is -711 - 5?
-716
In base 5, what is -313 + -2?
-320
In base 16, what is -bc5 + 1?
-bc4
In base 3, what is 1010122 + -1?
1010121
In base 8, what is 5 + -22?
-15
In base 10, what is -3 + 23?
20
In base 15, what is 4ac - -10?
4bc
In base 2, what is -10 + 111?
101
In base 16, what is -5a - -4?
-56
In base 4, what is -33 - 33112?
-33211
In base 13, what is 44 - -34?
78
In base 16, what is 840 + 3?
843
In base 6, what is -254 + 14?
-240
In base 3, what is -212112 - 22?
-212211
In base 7, what is -1420 + 1?
-1416
In base 8, what is 642 + 11?
653
In base 4, what is 1000 + -3222?
-2222
In base 4, what is -20213 - -2?
-20211
In base 3, what is -1 - 11002?
-11010
In base 15, what is 16b + 3?
16e
In base 8, what is -22 + -633?
-655
In base 13, what is cb6 + 2?
cb8
In base 5, what is -2 - 130?
-132
In base 15, what is -158 - -2?
-156
In base 8, what is -440 - -125?
-313
In base 14, what is 0 - 472?
-472
In base 16, what is 2 - e3c?
-e3a
In base 11, what is 139 - 1?
138
In base 8, what is 20 - 1252?
-1232
In base 2, what is -1101101 + 101?
-1101000
In base 16, what is 38 - 5?
33
In base 6, what is -401 - 113?
-514
In base 16, what is 0 + -131?
-131
In base 12, what is 5 - 775?
-770
In base 16, what is -14 + -2?
-16
In base 8, what is 76 + -5?
71
In base 5, what is 113234 + 3?
113242
In base 3, what is 1021111 + -20?
1021021
In base 12, what is -78 + -68?
-124
In base 7, what is -313 - -1?
-312
In base 3, what is 0 + -100?
-100
In base 2, what is 110110 + 1?
110111
In base 16, what is -3c - -1?
-3b
In base 2, what is 1110111 - -1011?
10000010
In base 15, what is 3 + 19?
1c
In base 10, what is -182 + 59?
-123
In base 13, what is -6a + -8b?
-128
In base 6, what is -50 - -121?
31
In base 13, what is 1 + 21?
22
In base 6, what is 2335 - -1?
2340
In base 5, what is 110 - 23?
32
In base 9, what is 82 + -2?
80
In base 13, what is -9 + 1989?
1980
In base 3, what is 120101011 + -2?
120101002
In base 5, what is 31 - -3?
34
In base 13, what is -859 + -5?
-861
In base 8, what is 27 + -72?
-43
In base 8, what is -24 - 243?
-267
In base 10, what is -4 - 282?
-286
In base 16, what is 42b + 8?
433
In base 3, what is -102 + 222?
120
In base 11, what is -1aa2 - -4?
-1a99
In base 2, what is -11110000001 - -10?
-11101111111
In base 13, what is -4 + 300?
2c9
In base 3, what is -10 - 102002?
-102012
In base 16, what is 4 - b?
-7
In base 16, what is -5 - -963?
95e
In base 9, what is 0 - -572?
572
In base 13, what is 45 - 5?
40
In base 12, what is -7576 - -5?
-7571
In base 11, what is -87 - 2?
-89
In base 11, what is 0 + 5a6?
5a6
In base 12, what is -a33 - 8?
-a3b
In base 8, what is 723 + 31?
754
In base 7, what is -5334 - -1?
-5333
In base 13, what is a1 - -4?
a5
In base 3, what is -1102 - 101?
-1210
In base 4, what is 2100 + -121?
1313
In base 16, what is -7 - -16d?
166
In base 8, what is 6325 - -1?
6326
In base 5, what is 444 + 11?
1010
In base 15, what is -2 + -2246?
-2248
In base 11, what is 4 - -61?
65
In base 8, what is 17003 - -4?
17007
In base 4, what is -3 + 222?
213
In base 10, what is 3 - 752?
-749
In base 9, what is 11 + -30?
-18
In base 16, what is 3 + -d?
-a
In base 12, what is -27 - -1?
-26
In base 5, what 